{"id":172,"date":"2023-05-26T18:12:19","date_gmt":"2023-05-26T18:12:19","guid":{"rendered":"https:\/\/didemyeldan.com\/?page_id=172"},"modified":"2023-12-25T10:27:11","modified_gmt":"2023-12-25T10:27:11","slug":"99-soruda-cinsel-suclar","status":"publish","type":"page","link":"https:\/\/didemyeldan.com\/?page_id=172","title":{"rendered":"99 SORUDA C\u0130NSEL SU\u00c7LAR"},"content":{"rendered":"\n<div class=\"wp-block-media-text alignwide is-stacked-on-mobile is-vertically-aligned-top\" style=\"grid-template-columns:25% auto\"><figure class=\"wp-block-media-text__media\"><img decoding=\"async\" loading=\"lazy\" width=\"741\" height=\"871\" src=\"http:\/\/didemyeldan.com\/wp-content\/uploads\/y99cs-1.jpg\" alt=\"\" class=\"wp-image-302 size-full\" srcset=\"https:\/\/didemyeldan.com\/wp-content\/uploads\/y99cs-1.jpg 741w, https:\/\/didemyeldan.com\/wp-content\/uploads\/y99cs-1-255x300.jpg 255w\" sizes=\"(max-width: 741px) 100vw, 741px\" \/><\/figure><div class=\"wp-block-media-text__content\">\n<p style=\"text-align: justify;\"><span style=\"font-family: helvetica, arial, sans-serif; font-size: 14px;\">Kitapta, 6545, 6763, 7188 say\u0131l\u0131 yasa de\u011fi\u015fiklikleri ile cinsel su\u00e7larla ilgili temel hususlar, akla tak\u0131lan sorular ve cevaplar\u0131na en son Yarg\u0131tay kararlar\u0131 ile birlikte cevap verilmi\u015ftir.<\/span><\/p>\n\n\n\n<p style=\"text-align: justify;\"><span style=\"font-family: helvetica, arial, sans-serif; font-size: 14px;\">Cinsel su\u00e7larla ilgili 99 sorunun hemen alt\u0131nda cevaplar\u0131, cevaplar\u0131n\u0131n hemen alt k\u0131s\u0131mlar\u0131nda da konuya ili\u015fkin Yarg\u0131tay ilgili ceza dairelerinin ve Yarg\u0131tay Ceza Genel Kurulunun en son \u00f6rnek kararlar\u0131 yer almaktad\u0131r. Bu \u015fekilde cinsel sald\u0131r\u0131, \u00e7ocuklar\u0131n cinsel istismar\u0131, re\u015fit olmayanla cinsel ili\u015fki ve cinsel taciz olarak d\u00f6rt gruba ay\u0131rabilece\u011fimiz cinsel su\u00e7lar, sadece 99 ana ba\u015fl\u0131k alt\u0131nda toplanarak az ve \u00f6z ama anla\u015f\u0131lacak ve unutulmayacak \u015fekilde a\u00e7\u0131klanm\u0131\u015ft\u0131r. Kitab\u0131n son k\u0131sm\u0131nda da t\u00fcm su\u00e7 t\u00fcrlerinde oldu\u011fu gibi cinsel su\u00e7larda da \u00f6nem ta\u015f\u0131yan Yarg\u0131tay Ceza Genel Kurulunun ceza usul hukukuna ili\u015fkin en son g\u00fcncel kararlar\u0131na yer verilmi\u015ftir.<\/span><\/p>\n\n\n\n<p style=\"text-align: justify;\"><span style=\"font-family: helvetica, arial, sans-serif; font-size: 14px;\">UYAP&#8217;dan karar aramaya ya da de\u011fi\u015fik kaynaklar\u0131 sayfalarca kar\u0131\u015ft\u0131rmaya gerek kalmadan cinsel su\u00e7larla ilgili t\u00fcm sorun ve sorular, bunlar\u0131n cevaplar\u0131, Yarg\u0131tay ceza daireleri ve Yarg\u0131tay Ceza Genel Kurulu kararlar\u0131 ile birlikte az, \u00f6z, a\u00e7\u0131k ve net olarak tek bir kitap \u00e7at\u0131s\u0131 alt\u0131nda birle\u015ftirilip, bu konularda s\u00fcrekli ba\u015fvurulacak bir ba\u015fucu kitab\u0131, bir el kitab\u0131 haline getirilmi\u015ftir.<\/span><\/p>\n<p><a href=\"http:\/\/didemyeldan.com\/wp-content\/uploads\/99sorudacinselsuclar-1.pdf\"><span style=\"font-size: 16px; font-family: helvetica, arial, sans-serif;\">\u00d6ns\u00f6z<\/span><\/a><\/p>\n<p><a href=\"http:\/\/didemyeldan.com\/wp-content\/uploads\/99-Soruda-Cinsel-Suclar-ICINDEKILER.pdf\"><span style=\"font-size: 16px; font-family: helvetica, arial, sans-serif;\">\u0130\u00e7indekiler<\/span><\/a><\/p>\n<p><span style=\"font-size: 16px; font-family: arial, helvetica, sans-serif;\"><a href=\"https:\/\/www.seckin.com.tr\/kitap\/99-soruda-cinsel-suclar-didem-yeldan-s-p-617891563\">Sat\u0131n Al<\/a><\/span><\/p>\n<\/div><\/div>\n","protected":false},"excerpt":{"rendered":"","protected":false},"author":1,"featured_media":0,"parent":15,"menu_order":0,"comment_status":"closed","ping_status":"closed","template":"","meta":[],"_links":{"self":[{"href":"https:\/\/didemyeldan.com\/index.php?rest_route=\/wp\/v2\/pages\/172"}],"collection":[{"href":"https:\/\/didemyeldan.com\/index.php?rest_route=\/wp\/v2\/pages"}],"about":[{"href":"https:\/\/didemyeldan.com\/index.php?rest_route=\/wp\/v2\/types\/page"}],"author":[{"embeddable":true,"href":"https:\/\/didemyeldan.com\/index.php?rest_route=\/wp\/v2\/users\/1"}],"replies":[{"embeddable":true,"href":"https:\/\/didemyeldan.com\/index.php?rest_route=%2Fwp%2Fv2%2Fcomments&post=172"}],"version-history":[{"count":13,"href":"https:\/\/didemyeldan.com\/index.php?rest_route=\/wp\/v2\/pages\/172\/revisions"}],"predecessor-version":[{"id":478,"href":"https:\/\/didemyeldan.com\/index.php?rest_route=\/wp\/v2\/pages\/172\/revisions\/478"}],"up":[{"embeddable":true,"href":"https:\/\/didemyeldan.com\/index.php?rest_route=\/wp\/v2\/pages\/15"}],"wp:attachment":[{"href":"https:\/\/didemyeldan.com\/index.php?rest_route=%2Fwp%2Fv2%2Fmedia&parent=172"}],"curies":[{"name":"wp","href":"https:\/\/api.w.org\/{rel}","templated":true}]}}