{"id":368,"date":"2023-06-14T15:36:29","date_gmt":"2023-06-14T15:36:29","guid":{"rendered":"https:\/\/didemyeldan.com\/?page_id=368"},"modified":"2023-06-23T10:54:52","modified_gmt":"2023-06-23T10:54:52","slug":"selfi-cilginligi-nedir","status":"publish","type":"page","link":"https:\/\/didemyeldan.com\/?page_id=368","title":{"rendered":"Selfi \u00c7\u0131lg\u0131nl\u0131\u011f\u0131 Nedir?"},"content":{"rendered":"\n<p style=\"text-align: justify;\"><span style=\"font-size: 16px; font-family: helvetica, arial, sans-serif;\">T\u00fcrk Dil Kurumu (TDK), &#8220;kendi foto\u011fraf\u0131n\u0131 \u00e7ekmek&#8221; anlam\u0131na gelen &#8220;selfie&#8221;ye T\u00fcrk\u00e7e kar\u015f\u0131l\u0131k olarak &#8220;\u00f6z\u00e7ekim&#8221; kelimesini kabul etmi\u015ftir.<\/span><\/p>\n<p style=\"text-align: justify;\"><span style=\"font-size: 16px; font-family: helvetica, arial, sans-serif;\">T\u00fcrk Dil Kurumu S\u00f6zl\u00fc\u011f\u00fcne g\u00f6re \u00f6z\u00e7ekim ise kameras\u0131 olan cep telefonu veya tablet kullanarak ki\u015finin kendi kendini veya kendisiyle birlikte bir grubu \u00e7ekti\u011fi foto\u011fraf anlam\u0131na gelmektedir.<\/span><\/p>\n<p style=\"text-align: justify;\"><span style=\"font-size: 16px; font-family: helvetica, arial, sans-serif;\">\u0130ngiltere&#8217;nin sayg\u0131n \u00fcniversitelerinden Oxford (Oxford University Press, 2013), &#8220;Bir ki\u015finin telefon kullanarak kendi foto\u011fraf\u0131n\u0131 \u00e7ekmesi&#8221; anlam\u0131na gelen &#8220;selfie&#8221;yi 2013 y\u0131l\u0131n\u0131n kelimesi olarak ilan etmi\u015ftir.[1] En tan\u0131nm\u0131\u015f s\u00f6zl\u00fcklerden Oxford English Dictionary (OEC) taraf\u0131ndan yap\u0131lan a\u00e7\u0131klama ile &#8220;selfie&#8221; 2013 y\u0131l\u0131n\u0131n \u0130ngilizce s\u00f6zc\u00fc\u011f\u00fc olarak bildirilmi\u015ftir.<\/span><\/p>\n<p style=\"text-align: justify;\"><span style=\"font-size: 16px; font-family: helvetica, arial, sans-serif;\">S\u00f6zc\u00fc\u011f\u00fcn y\u0131l\u0131n kelimesi olarak se\u00e7ilmesinin ba\u015fl\u0131ca sebebini 2013 y\u0131l\u0131nda &#8220;selfie&#8221; kullan\u0131m\u0131ndaki ola\u011fan\u00fcst\u00fc art\u0131\u015f olu\u015fturmaktad\u0131r.<\/span><\/p>\n<p style=\"text-align: justify;\"><span style=\"font-size: 16px; font-family: helvetica, arial, sans-serif;\">S\u00fcrekli Selfie \u00c7ekmek Bir Hastal\u0131k m\u0131d\u0131r?<\/span><\/p>\n<p style=\"text-align: justify;\"><span style=\"font-size: 16px; font-family: helvetica, arial, sans-serif;\">Psikologlar s\u00fcrekli selfie \u00e7ekip sosyal medyada payla\u015fanlar\u0131n &#8220;Selfitis&#8221; hastal\u0131\u011f\u0131na kap\u0131lm\u0131\u015f olabileceklerini s\u00f6yl\u00fcyor ve psikolojik yard\u0131ma ihtiya\u00e7 duyabilecekleri uyar\u0131s\u0131nda bulunuyor.<\/span><\/p>\n<p style=\"text-align: justify;\"><span style=\"font-size: 16px; font-family: helvetica, arial, sans-serif;\">The Daily Telegraph gazetesinin haberine g\u00f6re &#8216;Selfitis&#8217; terimi, tak\u0131nt\u0131l\u0131 bir \u015fekilde selfie \u00e7ekenler i\u00e7in ilk defa 2014&#8217;te parodi bir haberde kullan\u0131ld\u0131. \u015eaka ama\u00e7l\u0131 yap\u0131lan bu haberde Amerikan Psikiyatri Derne\u011fi&#8217;nin, bu tak\u0131nt\u0131y\u0131 bir hastal\u0131k olarak de\u011ferlendirmeyi \u00f6ne s\u00fcrd\u00fc\u011f\u00fc belirtildi.<\/span><\/p>\n<p style=\"text-align: justify;\"><span style=\"font-size: 16px; font-family: helvetica, arial, sans-serif;\">Nottingham Trent \u00dcniversitesi ile Hindistan&#8217;daki Thiagarajar Enstit\u00fcs\u00fc de bu al\u0131\u015fkanl\u0131\u011f\u0131n hastal\u0131\u011fa d\u00f6n\u00fc\u015f\u00fcp d\u00f6n\u00fc\u015fmedi\u011finin ara\u015ft\u0131r\u0131lmas\u0131 karar\u0131 ald\u0131.<\/span><\/p>\n<p style=\"text-align: justify;\"><span style=\"font-size: 16px; font-family: helvetica, arial, sans-serif;\">Yap\u0131lan ara\u015ft\u0131rmalar sonucunda Selfitis&#8217;in bir ruhsal bozukluk oldu\u011fu sonucuna var\u0131ld\u0131 ve rahats\u0131zl\u0131\u011f\u0131n ciddiyetinin de\u011ferlendirilmesi i\u00e7in &#8216;Selfitis Davran\u0131\u015f Skalas\u0131&#8217; geli\u015ftirdi.[2]<\/span><\/p>\n<p style=\"text-align: justify;\"><span style=\"font-size: 16px; font-family: helvetica, arial, sans-serif;\">Skala 1&#8217;den 100&#8217;e kadar uzan\u0131yor. Neden selfie \u00e7ekildi\u011finin saptanmas\u0131 i\u00e7in ara\u015ft\u0131rmaya 200 ki\u015fi kat\u0131ld\u0131 ve veriler daha sonra 400 ki\u015fide test edildi. Kat\u0131l\u0131mc\u0131lar Hindistan&#8217;dan. Zira selfie se\u00e7enlerin en \u00e7ok oldu\u011fu ve tehlikeli yerlerde selfie \u00e7ekerken \u00f6lenlerin \u00e7o\u011fu Hindistan&#8217;dan.<\/span><\/p>\n<p style=\"text-align: justify;\"><span style=\"font-size: 16px; font-family: helvetica, arial, sans-serif;\">Bulgular, Uluslararas\u0131 Ak\u0131l Sa\u011fl\u0131\u011f\u0131 ve Ba\u011f\u0131ml\u0131l\u0131k Dergisi&#8217;nde yay\u0131mland\u0131. Selfitis&#8217;in \u00fc\u00e7 seviyesi oldu\u011fu belirlendi.<\/span><\/p>\n<p style=\"text-align: justify;\"><span style=\"font-size: 16px; font-family: helvetica, arial, sans-serif;\">\u00b7 S\u0131n\u0131rda olanlar: G\u00fcnde en az \u00fc\u00e7 defa selfie \u00e7ekenler ama hepsini sosyal medyaya koymayanlar.<\/span><\/p>\n<p style=\"text-align: justify;\"><span style=\"font-size: 16px; font-family: helvetica, arial, sans-serif;\">\u00b7 Akut: G\u00fcnde en az \u00fc\u00e7 selfie \u00e7ekip her birini sosyal medyaya koyanlar.<\/span><\/p>\n<p style=\"text-align: justify;\"><span style=\"font-size: 16px; font-family: helvetica, arial, sans-serif;\">\u00b7 Kronik: Selfie \u00e7ekmek i\u00e7in kontrol edilemeyen bir istek duyan, s\u00fcrekli selfie \u00e7eken ve g\u00fcnde en az alt\u0131 defa sosyal medyada payla\u015fanlar.<\/span><\/p>\n<p style=\"text-align: justify;\"><span style=\"font-size: 16px; font-family: helvetica, arial, sans-serif;\">Y\u0131llar \u00f6nce teknolojiyle ba\u011flant\u0131l\u0131 bir di\u011fer rahats\u0131zl\u0131k daha literat\u00fcre girmi\u015fti: &#8220;Nomofobi&#8221;, yani cep telefonsuz kalma korkusu.[3] G\u00fcn\u00fcm\u00fczde art\u0131k bu \u00f6yle bir boyuta geldi ki maalesef art\u0131k \u00f6zellikle gen\u00e7ler sofrada, otob\u00fcs duraklar\u0131nda, sinemada, yolda ve hatta zamandan tasarruf etmek i\u00e7in tuvalette bile ellerinde cep telefonlar\u0131 bir \u015feylere bakmaktad\u0131rlar.<\/span><\/p>\n<p style=\"text-align: justify;\"><span style=\"font-size: 16px; font-family: helvetica, arial, sans-serif;\">Selfi \u00c7\u0131lg\u0131nl\u0131\u011f\u0131 Nedir?<\/span><\/p>\n<p style=\"text-align: justify;\"><span style=\"font-size: 16px; font-family: helvetica, arial, sans-serif;\">Sosyal medyada foto\u011fraf payla\u015fmak ve bu foto\u011fraf\u0131n en \u00e7ok t\u0131klanan olmas\u0131n\u0131 saylayabilmek i\u00e7in yap\u0131lan \u00e7\u0131lg\u0131nl\u0131klar olarak tarif edebiliriz.<\/span><\/p>\n<p style=\"text-align: justify;\"><span style=\"font-size: 16px; font-family: helvetica, arial, sans-serif;\">Durumu abart\u0131p selfie \u00e7ekmek ad\u0131na hayat\u0131n\u0131 kaybedenler bile var. En son inan\u0131lmaz bir selfie \u00fclkemizde Antalyada ya\u015fand\u0131. Antalya\u2019da 5 gen\u00e7 selfie \u00e7\u0131lg\u0131nl\u0131\u011f\u0131 yapmak isterken, iki arkada\u015flar\u0131n\u0131n hayat\u0131na mal olan bir hata yapt\u0131lar. Gecenin bir vakti uzand\u0131klar\u0131 asfalt yolda onlar\u0131 fark edemeyen bir arac\u0131n \u00e7arpmas\u0131 sonucu iki gen\u00e7 ezilerek hayat\u0131n\u0131 kaybetti. Di\u011fer \u00fc\u00e7 gen\u00e7 ise arac\u0131 son anda fark ederek ka\u00e7abildiler.<\/span><\/p>\n<p style=\"text-align: justify;\"><span style=\"font-size: 16px; font-family: helvetica, arial, sans-serif;\">2020 y\u0131l\u0131 Temmuz ay\u0131nda Meksika\u2019n\u0131n Nuevo Len eyaletinde bulunan Chipinque Ekolojik Park\u0131nda y\u00fcr\u00fcy\u00fc\u015f yapan 3 kad\u0131n\u0131n kar\u015f\u0131s\u0131na ay\u0131 \u00e7\u0131kt\u0131. Kad\u0131nlar ay\u0131dan ka\u00e7mak yerine olduklar\u0131 yerde durarak, ay\u0131 ile selfie \u00e7ektiler, Selfienin ard\u0131ndan ay\u0131 kad\u0131nlar\u0131n yan\u0131ndan uzakla\u015ft\u0131. \u00c7evredeki ki\u015filer taraf\u0131ndan telefon kameras\u0131 ile kaydedilen g\u00f6r\u00fcnt\u00fcler o tarihlerde sosyal medyan\u0131n g\u00fcndemine oturmu\u015ftu.[4]<\/span><\/p>\n<p style=\"text-align: justify;\"><span style=\"font-size: 16px; font-family: helvetica, arial, sans-serif;\">2018 y\u0131l\u0131 Ekim ay\u0131nda Panama&#8217;ya tatile gelen 27 ya\u015f\u0131ndaki gen\u00e7 kad\u0131n, selfie \u00e7ekme amac\u0131yla \u00e7\u0131kt\u0131\u011f\u0131 balkondan d\u00fc\u015ferek hayat\u0131n\u0131 kaybetti. Sandra Manuela Da Costa Macedo adl\u0131 turist, yapt\u0131\u011f\u0131 bu tehlikeli hareketle hayat\u0131n\u0131 yitirdi ve insanl\u0131\u011fa \u00f6nemli bir ders vermi\u015f oldu. Selfie \u00e7ekme u\u011fruna hayat\u0131n\u0131 kaybeden turistin d\u00fc\u015fme an\u0131, saniye saniye kameralara yans\u0131d\u0131. Hayat\u0131n\u0131 kaybeden Macedo&#8217;nun bir arkada\u015f\u0131 taraf\u0131ndan yap\u0131lan a\u00e7\u0131klamaya g\u00f6re Macedo, iki \u00e7ocuk sahibi bir \u00f6\u011fretmendi.[5]<\/span><\/p>\n<p style=\"text-align: justify;\"><span style=\"font-size: 16px; font-family: helvetica, arial, sans-serif;\">Selfie \u00e7\u0131lg\u0131nl\u0131\u011f\u0131 d\u00fcnya genelinde her y\u0131l daha fazla insan\u0131n \u00f6l\u00fcm\u00fcne neden olmaya ba\u015flad\u0131.<\/span><\/p>\n<p style=\"text-align: justify;\"><span style=\"font-size: 16px; font-family: helvetica, arial, sans-serif;\">Bilgisayarlar, internet ve sosyal medya art\u0131k tamamen hayat\u0131m\u0131za girmi\u015f durumda ve hayat\u0131m\u0131z\u0131n \u00f6nemli bir k\u0131sm\u0131n\u0131 olu\u015fturmaktad\u0131rlar. Bu \u00fc\u00e7l\u00fc, haberle\u015fmeden al\u0131\u015fveri\u015fe, bilgi almaktan bilgi payla\u015fmaya kadar her alanda hayat\u0131m\u0131z\u0131 kolayla\u015ft\u0131rmakla beraber kulan\u0131m s\u00fcrelerimizin her ge\u00e7en g\u00fcn artmas\u0131 ile de adeta bizi ba\u011f\u0131ml\u0131 hale getirmektedir.<\/span><\/p>\n<p style=\"text-align: justify;\"><span style=\"font-size: 16px; font-family: helvetica, arial, sans-serif;\">K\u00fc\u00e7\u00fck ya\u015flarda iken \u00e7ocuklar\u0131m\u0131z\u0131n ellerine i\u015f yaparken bizi rahats\u0131z etmesin diye ya da yemek yerken yeme\u011fini kolay yesin diye verdi\u011fimiz tabletler, bilgisayarlar, cep telefonlar\u0131 bir s\u00fcre sonra al\u0131\u015fkanl\u0131k haline gelmekte ve ileri ya\u015flarda da \u00e7ocuklar\u0131m\u0131zda ba\u011f\u0131ml\u0131l\u0131k yaratmaktad\u0131r. Asl\u0131nda anne baba olarak fark etmeden bizler de ba\u011f\u0131ml\u0131 hale gelmekteyiz.<\/span><\/p>\n<p style=\"text-align: justify;\"><span style=\"font-size: 16px; font-family: helvetica, arial, sans-serif;\">Selfie \u00e7\u0131lg\u0131nl\u0131\u011f\u0131 da bu ba\u011f\u0131ml\u0131l\u0131\u011f\u0131n g\u00fczel bir \u00f6rne\u011fi. Sosyal medyada payla\u015f\u0131ld\u0131\u011f\u0131nda \u00e7ok be\u011feni alan bir foto\u011fraf karesi elde etme u\u011fruna hayat\u0131n\u0131 kaybetme riskini g\u00f6ze alan gen\u00e7ler\u2026<\/span><\/p>\n<p style=\"text-align: justify;\"><span style=\"font-size: 12px;\">[1] Ak\u0131ner, Nurdan\/ K\u00fcnger\u00fc, Ayhan (2015). &#8220;K\u00fcresel Hegemonik \u0130deolojinin Pop\u00fcler Tektiple\u015ftirme Pratiklerine Bir \u00d6rnek:Selfie&#8221;, Akdeniz \u00dcniversitesi \u0130leti\u015fim Fak\u00fcltesi Dergisi, (24), 132-147.DOI:10.31123\/akil.437434<\/span><\/p>\n<p style=\"text-align: justify;\"><span style=\"font-size: 12px;\">[2]\u00a0<a href=\"https:\/\/www.bbc.com\/turkce\/haberler-42371143\">https:\/\/www.bbc.com\/turkce\/haberler-42371143<\/a><\/span><\/p>\n<p style=\"text-align: justify;\"><span style=\"font-size: 12px;\">[3] <a href=\"https:\/\/www.bbc.com\/turkce\/haberler-42371143\">https:\/\/www.bbc.com\/turkce\/haberler-42371143<\/a><\/span><\/p>\n<p style=\"text-align: justify;\"><span style=\"font-size: 16px;\"><span style=\"font-size: 12px;\">[4] <\/span><a href=\"https:\/\/www.sondakika.com\/dunya\/haber-meksika-da-parkta-karsilarina-cikan-ayi-ile-selfie-13433817\/\"><span style=\"font-size: 12px;\">Chipinque Ekolojik Park\u0131nda y\u00fcr\u00fcy\u00fc\u015f yapan 3 kad\u0131n\u0131n kar\u015f\u0131s\u0131na ay\u0131 \u00e7\u0131kt\u0131.<\/span> <\/a><\/span><\/p>\n<p style=\"text-align: justify;\"><span style=\"font-size: 12px;\">[5] <a href=\"https:\/\/www.webtekno.com\/panama-da-bir-turist-selfie-cekmeye-calisirken-27-kattan-dustu-h55086.html#!\">https:\/\/www.webtekno.com\/panama-da-bir-turist-selfie-cekmeye-calisirken-27-kattan-dustu-h55086.html &#8211; !<\/a><\/span><\/p>\n<p style=\"text-align: justify;\">\u00a0<\/p>\n","protected":false},"excerpt":{"rendered":"<p>T\u00fcrk Dil Kurumu (TDK), &#8220;kendi foto\u011fraf\u0131n\u0131 \u00e7ekmek&#8221; anlam\u0131na gelen &#8220;selfie&#8221;ye T\u00fcrk\u00e7e kar\u015f\u0131l\u0131k olarak &#8220;\u00f6z\u00e7ekim&#8221; kelimesini kabul etmi\u015ftir. T\u00fcrk Dil Kurumu S\u00f6zl\u00fc\u011f\u00fcne g\u00f6re \u00f6z\u00e7ekim ise kameras\u0131 olan cep telefonu veya tablet kullanarak ki\u015finin kendi kendini veya kendisiyle birlikte bir grubu \u00e7ekti\u011fi foto\u011fraf anlam\u0131na gelmektedir. \u0130ngiltere&#8217;nin sayg\u0131n \u00fcniversitelerinden Oxford (Oxford University Press, 2013), &#8220;Bir ki\u015finin telefon kullanarak<\/p>\n<p class=\"more-link\"><a href=\"https:\/\/didemyeldan.com\/?page_id=368\" class=\"themebutton2\">Read More<\/a><\/p>\n","protected":false},"author":1,"featured_media":0,"parent":331,"menu_order":3,"comment_status":"closed","ping_status":"closed","template":"","meta":[],"_links":{"self":[{"href":"https:\/\/didemyeldan.com\/index.php?rest_route=\/wp\/v2\/pages\/368"}],"collection":[{"href":"https:\/\/didemyeldan.com\/index.php?rest_route=\/wp\/v2\/pages"}],"about":[{"href":"https:\/\/didemyeldan.com\/index.php?rest_route=\/wp\/v2\/types\/page"}],"author":[{"embeddable":true,"href":"https:\/\/didemyeldan.com\/index.php?rest_route=\/wp\/v2\/users\/1"}],"replies":[{"embeddable":true,"href":"https:\/\/didemyeldan.com\/index.php?rest_route=%2Fwp%2Fv2%2Fcomments&post=368"}],"version-history":[{"count":9,"href":"https:\/\/didemyeldan.com\/index.php?rest_route=\/wp\/v2\/pages\/368\/revisions"}],"predecessor-version":[{"id":383,"href":"https:\/\/didemyeldan.com\/index.php?rest_route=\/wp\/v2\/pages\/368\/revisions\/383"}],"up":[{"embeddable":true,"href":"https:\/\/didemyeldan.com\/index.php?rest_route=\/wp\/v2\/pages\/331"}],"wp:attachment":[{"href":"https:\/\/didemyeldan.com\/index.php?rest_route=%2Fwp%2Fv2%2Fmedia&parent=368"}],"curies":[{"name":"wp","href":"https:\/\/api.w.org\/{rel}","templated":true}]}}