{"id":434,"date":"2023-09-08T18:12:11","date_gmt":"2023-09-08T18:12:11","guid":{"rendered":"https:\/\/didemyeldan.com\/?page_id=434"},"modified":"2025-08-19T13:53:11","modified_gmt":"2025-08-19T13:53:11","slug":"yeni-cikanlar-uygulamada-cinsel-suclar","status":"publish","type":"page","link":"https:\/\/didemyeldan.com\/?page_id=434","title":{"rendered":"Uygulamada Cinsel Su\u00e7lar 3. Bask\u0131"},"content":{"rendered":"\n<div class=\"wp-block-media-text alignwide is-stacked-on-mobile is-vertically-aligned-top\" style=\"grid-template-columns:25% auto\"><figure class=\"wp-block-media-text__media\"><img decoding=\"async\" loading=\"lazy\" width=\"984\" height=\"1024\" src=\"http:\/\/didemyeldan.com\/wp-content\/uploads\/9fa4d1e1-9de8-4f63-ad8c-5ee1ec6259f2-984x1024.jpeg\" alt=\"\" class=\"wp-image-312 size-full\" srcset=\"https:\/\/didemyeldan.com\/wp-content\/uploads\/9fa4d1e1-9de8-4f63-ad8c-5ee1ec6259f2-984x1024.jpeg 984w, https:\/\/didemyeldan.com\/wp-content\/uploads\/9fa4d1e1-9de8-4f63-ad8c-5ee1ec6259f2-288x300.jpeg 288w, https:\/\/didemyeldan.com\/wp-content\/uploads\/9fa4d1e1-9de8-4f63-ad8c-5ee1ec6259f2-768x799.jpeg 768w, https:\/\/didemyeldan.com\/wp-content\/uploads\/9fa4d1e1-9de8-4f63-ad8c-5ee1ec6259f2-1476x1536.jpeg 1476w, https:\/\/didemyeldan.com\/wp-content\/uploads\/9fa4d1e1-9de8-4f63-ad8c-5ee1ec6259f2.jpeg 1537w\" sizes=\"(max-width: 984px) 100vw, 984px\" \/><\/figure><div class=\"wp-block-media-text__content\">\n\n\n<p style=\"text-align: justify;\"><span style=\"font-size: 16px; font-family: helvetica, arial, sans-serif;\">Kitab\u0131n tamam\u0131 g\u00fcncellenmi\u015f bu \u00fc\u00e7\u00fcnc\u00fc bask\u0131s\u0131nda; konularla ilgili Yarg\u0131tay Ceza Genel Kurulu ve Ceza Dairelerinin, B\u00f6lge Adliye Mahkemelerinin son \u00e7\u0131kan kararlar\u0131 ilgili b\u00f6l\u00fcmlere eklenmi\u015f, cinsel sald\u0131r\u0131, \u00e7ocu\u011fun cinsel istismar\u0131, re\u015fit olmayanla cinsel ili\u015fki, cinsel taciz ve h\u00fcrriyetten yoksun k\u0131lma su\u00e7lar\u0131 bu kararlar \u0131\u015f\u0131\u011f\u0131nda a\u00e7\u0131klanm\u0131\u015ft\u0131r. \u0130ncelenen su\u00e7larla ilgili g\u00f6revli mahkemeler, yarg\u0131lama usulleri, ola\u011fan ve ola\u011fan\u00fcst\u00fc zamana\u015f\u0131m\u0131 s\u00fcreleri, benzer su\u00e7lar ile aralar\u0131ndaki farkl\u0131l\u0131klar, i\u015ftirak, te\u015febb\u00fcs ve tesels\u00fcl konular\u0131 incelenmi\u015f, olay de\u011ferlendirmeleri yap\u0131lm\u0131\u015ft\u0131r.<\/span><br \/><br \/><span style=\"font-size: 16px; font-family: helvetica, arial, sans-serif;\">Anayasa Mahkemesi ve Avrupa \u0130nsan Haklar\u0131 Mahkemesinin bu konulara ili\u015fkin g\u00f6r\u00fc\u015flerini i\u00e7eren \u00f6rnek kararlar\u0131na, uygulamalar\u0131m\u0131z ile ilgili de\u011ferlendirmelerine ve kar\u015f\u0131la\u015ft\u0131rmalara yer verilmi\u015f, basit yarg\u0131lama usul\u00fc ve seri muhakeme usul\u00fcn\u00fcn cinsel su\u00e7lardaki uygulama alan\u0131, ceza yarg\u0131lamas\u0131nda Yarg\u0131tay&#8217;\u0131n temyiz denetiminin s\u0131n\u0131rlar\u0131 ve kapsam\u0131, Yarg\u0131tay Ceza Genel Kurulunun ve Ceza Dairelerinin Ceza Usul Hukukuna ili\u015fkin yarg\u0131lama s\u0131ras\u0131nda dikkat edilmesi gereken temel ilkeleri g\u00f6steren uygulamaya y\u00f6nelik kararlar\u0131na yer verilmi\u015ftir.<\/span><\/p>\n<p><span style=\"font-size: 16px; font-family: helvetica, arial, sans-serif;\"><a href=\"http:\/\/didemyeldan.com\/wp-content\/uploads\/UCS-3.Baski-Onsoz.pdf\">\u00d6ns\u00f6z<\/a><\/span><\/p>\n<p><span style=\"font-size: 16px; font-family: helvetica, arial, sans-serif;\"><a href=\"http:\/\/didemyeldan.com\/wp-content\/uploads\/UCS-3.Baski-ICINDEKILER.pdf\">\u0130\u00e7indekiler<\/a><\/span><\/p>\n<p><span style=\"font-size: 16px; font-family: arial, helvetica, sans-serif;\"><a href=\"https:\/\/www.seckin.com.tr\/kitap\/uygulamada-cinsel-suclar-didem-yeldan-s-p-334291321\">Sat\u0131n Al<\/a><\/span><\/p>\n<\/div><\/div>\n","protected":false},"excerpt":{"rendered":"","protected":false},"author":1,"featured_media":0,"parent":17,"menu_order":1,"comment_status":"closed","ping_status":"closed","template":"","meta":[],"_links":{"self":[{"href":"https:\/\/didemyeldan.com\/index.php?rest_route=\/wp\/v2\/pages\/434"}],"collection":[{"href":"https:\/\/didemyeldan.com\/index.php?rest_route=\/wp\/v2\/pages"}],"about":[{"href":"https:\/\/didemyeldan.com\/index.php?rest_route=\/wp\/v2\/types\/page"}],"author":[{"embeddable":true,"href":"https:\/\/didemyeldan.com\/index.php?rest_route=\/wp\/v2\/users\/1"}],"replies":[{"embeddable":true,"href":"https:\/\/didemyeldan.com\/index.php?rest_route=%2Fwp%2Fv2%2Fcomments&post=434"}],"version-history":[{"count":5,"href":"https:\/\/didemyeldan.com\/index.php?rest_route=\/wp\/v2\/pages\/434\/revisions"}],"predecessor-version":[{"id":733,"href":"https:\/\/didemyeldan.com\/index.php?rest_route=\/wp\/v2\/pages\/434\/revisions\/733"}],"up":[{"embeddable":true,"href":"https:\/\/didemyeldan.com\/index.php?rest_route=\/wp\/v2\/pages\/17"}],"wp:attachment":[{"href":"https:\/\/didemyeldan.com\/index.php?rest_route=%2Fwp%2Fv2%2Fmedia&parent=434"}],"curies":[{"name":"wp","href":"https:\/\/api.w.org\/{rel}","templated":true}]}}